
3, 59, 1171
What are the prime factors of 339577?
7, 139, 349
What are the prime factors of 8866652?
2, 103, 21521
What are the prime factors of 698431?
541, 1291
What are the prime factors of 2867666?
2, 1433833
List the prime factors of 7025549.
79, 113, 787
What are the prime factors of 885715?
5, 47, 3769
What are the prime factors of 1161782?
2, 580891
What are the prime factors of 2246316?
2, 3, 187193
List the prime factors of 3460950.
2, 3, 5, 7691
List the prime factors of 630992.
2, 113, 349
List the prime factors of 271864.
2, 17, 1999
List the prime factors of 2484613.
89, 27917
What are the prime factors of 551490?
2, 3, 5, 31, 593
List the prime factors of 934510.
2, 5, 113, 827
List the prime factors of 20453972.
2, 7, 11, 53, 179
What are the prime factors of 6380023?
13, 490771
What are the prime factors of 1876488?
2, 3, 41, 1907
What are the prime factors of 317234?
2, 158617
What are the prime factors of 355621?
7, 101, 503
What are the prime factors of 1154173?
1154173
List the prime factors of 744242.
2, 372121
List the prime factors of 7430659.
1237, 6007
List the prime factors of 2033367.
3, 7, 96827
What are the prime factors of 2770185?
3, 5, 11, 103, 163
List the prime factors of 247359.
3, 7, 11779
What are the prime factors of 1038431?
661, 1571
What are the prime factors of 1579414?
2, 607, 1301
List the prime factors of 1771785.
3, 5, 39373
List the prime factors of 213924.
2, 3, 17827
List the prime factors of 243156.
2, 3, 23, 881
List the prime factors of 6334043.
449, 14107
What are the prime factors of 6327993?
3, 7, 301333
What are the prime factors of 31676?
2, 7919
List the prime factors of 2840890.
2, 5, 13, 41
List the prime factors of 301463.
301463
List the prime factors of 1677430.
2, 5, 43, 47, 83
List the prime factors of 2123023.
7, 37, 1171
What are the prime factors of 6766682?
2, 13, 317, 821
List the prime factors of 10721742.
2, 3, 67, 149, 179
What are the prime factors of 156515?
5, 23, 1361
List the prime factors of 180417.
3, 60139
List the prime factors of 712812.
2, 3, 191, 311
List the prime factors of 89836.
2, 37, 607
List the prime factors of 1659772.
2, 23, 18041
What are the prime factors of 14774376?
2, 3, 615599
List the prime factors of 552955.
5, 13, 47, 181
What are the prime factors of 192393?
3, 21377
List the prime factors of 161054.
2, 80527
What are the prime factors of 289550?
2, 5, 5791
List the prime factors of 2704595.
5, 31, 17449
What are the prime factors of 1551398?
2, 317, 2447
What are the prime factors of 31453169?
11, 701, 4079
What are the prime factors of 6274310?
2, 5, 7, 89633
What are the prime factors of 110173?
7, 15739
List the prime factors of 21390002.
2, 379, 28219
List the prime factors of 336241.
41, 59, 139
What are the prime factors of 190483?
239, 797
List the prime factors of 795900.
2, 3, 5, 7, 379
List the prime factors of 16418571.
3, 13, 197, 2137
What are the prime factors of 34944405?
3, 5, 191, 12197
What are the prime factors of 140258?
2, 19, 3691
What are the prime factors of 623669?
623669
List the prime factors of 5875506.
2, 3, 7, 13, 17, 211
List the prime factors of 172112.
2, 31, 347
What are the prime factors of 2536354?
2, 1268177
What are the prime factors of 868273?
7, 23, 5393
What are the prime factors of 4073958?
2, 3, 7, 31, 149
List the prime factors of 3585108.
2, 3, 298759
List the prime factors of 3226172.
2, 806543
List the prime factors of 64897.
7, 73, 127
List the prime factors of 2858811.
3, 952937
What are the prime factors of 80121?
3, 17, 1571
List the prime factors of 522459.
3, 7, 8293
What are the prime factors of 1109667?
3, 13, 37, 769
List the prime factors of 19960856.
2, 17, 317, 463
List the prime factors of 82856.
2, 10357
List the prime factors of 120109.
11, 61, 179
List the prime factors of 258541.
229, 1129
List the prime factors of 5605304.
2, 19, 36877
What are the prime factors of 2244296?
2, 280537
What are the prime factors of 20837915?
5, 7, 59, 10091
What are the prime factors of 143325?
3, 5, 7, 13
List the prime factors of 3062201.
3062201
List the prime factors of 1250531.
311, 4021
What are the prime factors of 8537524?
2, 31, 2221
List the prime factors of 6311527.
2281, 2767
List the prime factors of 199647.
3, 7, 3169
What are the prime factors of 539091?
3, 7, 43, 199
List the prime factors of 2066114.
2, 1033057
List the prime factors of 192779.
263, 733
What are the prime factors of 8491490?
2, 5, 7, 29, 47, 89
What are the prime factors of 7038518?
2, 3519259
What are the prime factors of 379853?
379853
List the prime factors of 4212299.
7, 13, 41, 1129
List the prime factors of 377678.
2, 7, 53, 509
List the prime factors of 2818348.
2, 13, 83, 653
List the prime factors of 181956.
2, 3, 59, 257
What are the prime factors of 352367?
352367
What are the prime factors of 2004076?
2, 501019
List the prime factors of 2225131.
101, 22031
List the prime factors of 770224.
2, 7, 13, 23
List the prime factors of 6075443.
11, 17, 53, 613
What are the prime factors of 173163?
3, 197, 293
What are the prime factors of 922392?
2, 3, 23, 557
List the prime factors of 7127370.
2, 3, 5, 79193
List the prime factors of 22495730.
2, 5, 101, 22273
What are the prime factors of 11196?
2, 3, 311
What are the prime factors of 583347?
3, 337, 577
What are the prime factors of 135507?
3, 17, 2657
What are the prime factors of 248330?
2, 5, 19, 1307
List the prime factors of 349719.
3, 43, 2711
List the prime factors of 13482437.
83, 162439
List the prime factors of 114430.
2, 5, 11443
List the prime factors of 426213.
3, 23, 29, 71
List the prime factors of 3755832.
2, 3, 156493
What are the prime factors of 2960119?
211, 14029
List the prime factors of 211234.
2, 31, 3407
List the prime factors of 4669053.
3, 1556351
What are the prime factors of 6593478?
2, 3, 97, 11329
List the prime factors of 193932.
2, 3, 5387
What are the prime factors of 79752?
2, 3, 3323
List the prime factors of 27956060.
2, 5, 11, 83, 1531
List the prime factors of 435839.
435839
What are the prime factors of 3890336?
2, 61, 1993
List the prime factors of 23845573.
199, 119827
List the prime factors of 338935.
5, 53, 1279
What are the prime factors of 12602506?
2, 7, 18371
What are the prime factors of 3154124?
2, 788531
What are the prime factors of 65297?
17, 23, 167
List the prime factors of 126906.
2, 3, 13, 1627
List the prime factors of 260280.
2, 3, 5, 241
What are the prime factors of 132170?
2, 5, 13217
What are the prime factors of 21815?
5, 4363
List the prime factors of 2676214.
2, 1338107
List the prime factors of 3952854.
2, 3, 71, 1031
List the prime factors of 17293.
17293
What are the prime factors of 9348864?
2, 3, 7, 37, 47
List the prime factors of 1240171.
239, 5189
What are the prime factors of 2012414?
2, 103, 9769
What are the prime factors of 1636477?
727, 2251
List the prime factors of 646968.
2, 3, 7, 3851
List the prime factors of 208453.
7, 97, 307
List the prime factors of 304953.
3, 11, 9241
List the prime factors of 35816509.
35816509
List the prime factors of 906473.
906473
List the prime factors of 477182.
2, 238591
What are the prime factors of 924455?
5, 7, 61, 433
List the prime factors of 36853.
137, 269
What are the prime factors of 130929?
3, 19, 2297
What are the prime factors of 41211958?
2, 29, 31, 22921
What are the prime factors of 543277?
7, 77611
What are the prime factors of 288962?
2, 144481
List the prime factors of 6156164.
2, 7, 641
What are the prime factors of 8664227?
11, 13, 60589
List the prime factors of 11875815.
3, 5, 7, 59, 71
List the prime factors of 2251479.
3, 233, 3221
List the prime factors of 355017.
3, 13, 9103
What are the prime factors of 1236964?
2, 309241
List the prime factors of 1435827.
3, 31, 15439
What are the prime factors of 4628115?
3, 5, 19, 5413
List the prime factors of 658093.
199, 3307
What are the prime factors of 9367?
17, 19, 29
List the prime factors of 631236.
2, 3, 41, 1283
List the prime factors of 1333378.
2, 17, 39217
What are the prime factors of 25073002?
2, 12536501
List the prime factors of 1966165.
5, 461, 853
List the prime factors of 732412.
2, 19, 23, 419
What are the prime factors of 255533?
31, 8243
What are th